{"id":1519,"date":"2019-11-29T12:49:48","date_gmt":"2019-11-29T11:49:48","guid":{"rendered":"https:\/\/eilandvangroningen.nl\/studio\/?page_id=1519"},"modified":"2020-05-22T19:07:06","modified_gmt":"2020-05-22T18:07:06","slug":"groeplessen-met-alan-2","status":"publish","type":"page","link":"https:\/\/eilandvangroningen.nl\/studio\/groeplessen-met-alan-2\/","title":{"rendered":"Groepslessen met Alan"},"content":{"rendered":"\n<p class=\"has-medium-font-size\"><strong>Solfeggio\/Solf\u00e8ge<\/strong><\/p>\n\n\n\n<p><\/p>\n\n\n\n<p>Using a game-based learning method, students will develop important skills in music education.&nbsp;<\/p>\n\n\n\n<ul class=\"wp-block-list\"><li>Ear training<\/li><li>Rhythmic comprehension, reading, and writing<\/li><li>Melodic comprehension, reading, and writing<\/li><li>Coordination<\/li><li>Memory<\/li><li>Creativity<\/li><\/ul>\n\n\n\n<p><strong>Outcomes:<\/strong> There are numerous advantages and benefits of studying music.&nbsp;<\/p>\n\n\n\n<figure class=\"wp-block-embed-wordpress wp-block-embed is-type-wp-embed is-provider-nafme\"><div class=\"wp-block-embed__wrapper\">\nhttps:\/\/nafme.org\/20-important-benefits-of-music-in-our-schools\/\n<\/div><\/figure>\n\n\n\n<p><strong>About the lessons<\/strong>:<\/p>\n\n\n\n<p>Language: English<\/p>\n\n\n\n<p>Time: 1,5 hour grouplesson + 1 hour individual lesson per week<\/p>\n\n\n\n<p>Groups: 4 to 8 students<\/p>\n\n\n\n<p>Requirements: None<\/p>\n\n\n\n<figure class=\"wp-block-image\"><img decoding=\"async\" src=\"https:\/\/lh6.googleusercontent.com\/nxQfit0B8H_NOceehSQvtx_Wfl7owYMFrPn-zMZxqIaMWjrSaLQEFRRCsPZlBhxgcl1nKrJdKJa0E2FtoGk2N8i0bymSNdIr5o3t0-AHjbCp62gvZSe54xC4uELAxLuxW_PsmvaTTkePGW60-g\" alt=\"Macintosh HD:Users:alanahuednaime:Dropbox:Scores:Producci\u00f3n:AAN_Identidad Gr\u00e1fica:04. APLICACIONES:08. IM\u00c1GENES:02. SOUNDCLOUD:02. FONDO BLANCO:PNG:AAN_Soundcloud-13.png\"\/><\/figure>\n\n\n\n<p><\/p>\n\n\n\n<p><\/p>\n\n\n\n<p><\/p>\n\n\n\n<p><\/p>\n\n\n\n<p><\/p>\n\n\n\n<p><\/p>\n\n\n\n<p><\/p>\n\n\n\n<p><\/p>\n\n\n\n<p><\/p>\n\n\n\n<p><\/p>\n\n\n\n<p><\/p>\n\n\n\n<figure class=\"wp-block-image\"><img decoding=\"async\" src=\"https:\/\/lh5.googleusercontent.com\/n3w0KiWx_AhlLzpnUg3sW39rkiO1iXcLUq2rIels5vPYc2R9KaJdF3xUioWfh1L0fYFt45TmUeS5lJMmDxgGL77mgS8T3wEP3vthNXWH1ribc9geOsF3fa2lPocBu2UEVTyy6sGf1FhvQVqpcg\" alt=\"Macintosh HD:Users:alanahuednaime:Dropbox:Scores:Producci\u00f3n:AAN_Identidad Gr\u00e1fica:04. APLICACIONES:08. IM\u00c1GENES:01. SOCIAL MEDIA:PNG:AAN_Logos_SM-06.png\"\/><\/figure>\n\n\n\n<figure class=\"wp-block-image\"><img decoding=\"async\" src=\"https:\/\/lh3.googleusercontent.com\/hbmepcVMSL1cYzuJfAlESDSzC23PUdKre2CDRXSqoLaOtUWG1UQjoQSl2dMKLMi06iJpXntOYK3tA7tcKwXuRUXDsdbxkNrogLo5-8OIXWgteWZhLJQw7hIiHLBKeht7XvStiyl5r0GCXWTKFA\" alt=\"Macintosh HD:Users:alanahuednaime:Dropbox:Scores:Producci\u00f3n:AAN_Identidad Gr\u00e1fica:04. APLICACIONES:08. IM\u00c1GENES:02. SOUNDCLOUD:02. FONDO BLANCO:PNG:AAN_Soundcloud-17.png\"\/><\/figure>\n","protected":false},"excerpt":{"rendered":"<p>Solfeggio\/Solf\u00e8ge Using a game-based learning method, students will develop important skills in music education.&nbsp; Ear training Rhythmic comprehension, &#8230;<a href=\"https:\/\/eilandvangroningen.nl\/studio\/groeplessen-met-alan-2\/\" class=\"read-more\">Continue Reading<\/a><\/p>\n","protected":false},"author":79,"featured_media":0,"parent":0,"menu_order":0,"comment_status":"closed","ping_status":"closed","template":"","meta":{"footnotes":""},"class_list":["post-1519","page","type-page","status-publish","hentry"],"_links":{"self":[{"href":"https:\/\/eilandvangroningen.nl\/studio\/wp-json\/wp\/v2\/pages\/1519","targetHints":{"allow":["GET"]}}],"collection":[{"href":"https:\/\/eilandvangroningen.nl\/studio\/wp-json\/wp\/v2\/pages"}],"about":[{"href":"https:\/\/eilandvangroningen.nl\/studio\/wp-json\/wp\/v2\/types\/page"}],"author":[{"embeddable":true,"href":"https:\/\/eilandvangroningen.nl\/studio\/wp-json\/wp\/v2\/users\/79"}],"replies":[{"embeddable":true,"href":"https:\/\/eilandvangroningen.nl\/studio\/wp-json\/wp\/v2\/comments?post=1519"}],"version-history":[{"count":4,"href":"https:\/\/eilandvangroningen.nl\/studio\/wp-json\/wp\/v2\/pages\/1519\/revisions"}],"predecessor-version":[{"id":1561,"href":"https:\/\/eilandvangroningen.nl\/studio\/wp-json\/wp\/v2\/pages\/1519\/revisions\/1561"}],"wp:attachment":[{"href":"https:\/\/eilandvangroningen.nl\/studio\/wp-json\/wp\/v2\/media?parent=1519"}],"curies":[{"name":"wp","href":"https:\/\/api.w.org\/{rel}","templated":true}]}}